.
-1
Convert 2 (base 11) to base 4.
2
1 (base 14) to base 9
1
111 (base 2) to base 3
21
Convert -1303 (base 4) to base 2.
-1110011
Convert -2 (base 4) to base 10.
-2
What is 2 (base 10) in base 11?
2
5b (base 14) to base 2
1010001
What is 3 (base 6) in base 13?
3
What is 35 (base 6) in base 7?
32
What is 116 (base 11) in base 7?
255
Convert -160 (base 8) to base 12.
-94
What is 108 (base 14) in base 9?
246
Convert -31 (base 14) to base 15.
-2d
Convert 21 (base 11) to base 10.
23
Convert 0 (base 4) to base 6.
0
What is -202 (base 12) in base 4?
-10202
7 (base 12) to base 8
7
-41 (base 5) to base 16
-15
What is -19 (base 16) in base 4?
-121
Convert -30 (base 12) to base 2.
-100100
27 (base 14) to base 16
23
Convert -1 (base 5) to base 4.
-1
Convert -22 (base 4) to base 10.
-10
Convert 101 (base 3) to base 8.
12
Convert 121 (base 3) to base 12.
14
What is -67 (base 12) in base 15?
-54
What is -1 (base 2) in base 6?
-1
1 (base 2) to base 15
1
-56 (base 13) to base 6
-155
What is 132 (base 4) in base 9?
33
Convert 93 (base 16) to base 3.
12110
What is 8 (base 10) in base 9?
8
What is -11 (base 2) in base 12?
-3
73 (base 12) to base 8
127
Convert -5b (base 15) to base 8.
-126
0 (base 3) to base 5
0
What is 27 (base 8) in base 4?
113
-11 (base 9) to base 6
-14
Convert 2 (base 13) to base 12.
2
What is -132 (base 6) in base 8?
-70
2 (base 9) to base 3
2
What is -230 (base 4) in base 16?
-2c
-8 (base 16) to base 12
-8
Convert 2 (base 10) to base 2.
10
Convert -1100000 (base 2) to base 10.
-96
What is -19 (base 12) in base 5?
-41
Convert 4d (base 15) to base 10.
73
What is -265 (base 9) in base 13?
-140
Convert 5 (base 10) to base 13.
5
Convert 5 (base 15) to base 4.
11
-10 (base 8) to base 16
-8
-1323 (base 4) to base 2
-1111011
-10 (base 2) to base 12
-2
-100100 (base 2) to base 6
-100
Convert 4 (base 5) to base 9.
4
Convert -2 (base 6) to base 14.
-2
-5 (base 11) to base 4
-11
What is 4a (base 16) in base 14?
54
-4d (base 16) to base 2
-1001101
Convert 3 (base 9) to base 3.
10
-1 (base 14) to base 2
-1
Convert 2 (base 11) to base 15.
2
-13 (base 5) to base 3
-22
Convert -12 (base 9) to base 12.
-b
What is 2 (base 6) in base 15?
2
-15 (base 8) to base 9
-14
-3 (base 12) to base 4
-3
What is 1110000 (base 2) in base 11?
a2
What is 8 (base 16) in base 8?
10
Convert -12 (base 11) to base 10.
-13
Convert 6 (base 9) to base 10.
6
13a (base 11) to base 9
202
What is 143 (base 6) in base 14?
47
Convert -10110100 (base 2) to base 8.
-264
What is -153 (base 7) in base 5?
-322
Convert 27 (base 8) to base 13.
1a
What is -6 (base 9) in base 6?
-10
What is -40 (base 5) in base 16?
-14
What is 1110010 (base 2) in base 10?
114
Convert 1a (base 12) to base 16.
16
9 (base 13) to base 7
12
-36 (base 12) to base 8
-52
What is 4 (base 5) in base 15?
4
-7 (base 15) to base 12
-7
Convert 4 (base 15) to base 13.
4
What is -26 (base 13) in base 3?
-1012
What is 23 (base 4) in base 5?
21
What is 24 (base 16) in base 13?
2a
-21 (base 9) to base 8
-23
What is 7c (base 13) in base 10?
103
Convert 24 (base 12) to base 4.
130
Convert 11 (base 2) to base 8.
3
Convert -20 (base 15) to base 13.
-24
Convert -2 (base 13) to base 7.
-2
-1051 (base 7) to base 12
-277
Convert -1 (base 14) to base 8.
-1
Convert -12a (base 16) to base 3.
-102001
Convert 2 (base 13) to base 10.
2
What is 3 (base 5) in base 8?
3
-11 (base 3) to base 13
-4
What is 41 (base 10) in base 16?
29
What is -28 (base 10) in base 16?
-1c
6 (base 12) to base 16
6
What is -5 (base 6) in base 15?
-5
Convert -3233 (base 4) to base 11.
-1a8
5 (base 13) to base 6
5
Convert -5d (base 14) to base 12.
-6b
What is 110 (base 6) in base 7?
60
What is -4 (base 15) in base 13?
-4
What is -151 (base 13) in base 11?
-1a4
Convert 2 (base 15) to base 6.
2
Convert 7 (base 12) to base 16.
7
What is 20 (base 6) in base 11?
11
What is -c (base 14) in base 10?
-12
Convert 6 (base 7) to base 9.
6
Convert -2 (base 8) to base 15.
-2
3123 (base 4) to base 5
1334
0 (base 9) to base 16
0
-1b (base 15) to base 14
-1c
What is -11 (base 5) in base 3?
-20
Convert 1 (base 6) to base 11.
1
What is -33 (base 5) in base 13?
-15
What is -11110110 (base 2) in base 8?
-366
Convert 155 (base 6) to base 16.
47
Convert 0 (base 15) to base 9.
0
1201 (base 3) to base 5
141
-4 (base 11) to base 13
-4
What is -4 (base 10) in base 16?
-4
74 (base 13) to base 6
235
What is 7 (base 13) in base 16?
7
What is -21 (base 15) in base 4?
-133
What is -73 (base 10) in base 12?
-61
Convert 0 (base 5) to base 6.
0
11 (base 12) to base 3
111
-1101 (base 2) to base 15
-d
27 (base 16) to base 4
213
What is -a3 (base 11) in base 13?
-89
0 (base 8) to base 7
0
-14 (base 9) to base 14
-d
1443 (base 5) to base 6
1052
Convert -114 (base 6) to base 15.
-31
What is 12 (base 8) in base 14?
a
Convert -100000 (base 2) to base 5.
-112
101 (base 2) to base 7
5
401 (base 6) to base 7
265
What is -7 (base 9) in base 10?
-7
-226 (base 12) to base 9
-383
What is 235 (base 8) in base 7?
313
1011 (base 2) to base 12
b
3 (base 15) to base 3
10
Convert -73 (base 14) to base 3.
-10202
Convert -10 (base 10) to base 6.
-14
What is -11 (base 10) in base 15?
-b
What is 0 (base 6) in base 3?
0
Convert -7a (base 11) to base 3.
-10020
What is 0 (base 13) in base 7?
0
Convert 1 (base 6) to base 2.
1
-1110011 (base 2) to base 7
-223
What is -47 (base 10) in base 3?
-1202
-9 (base 15) to base 11
-9
Convert 111 (base 3) to base 5.
23
What is 3 (base 9) in base 5?
3
Convert 67 (base 13) to base 16.
55
Convert 115 (base 10) to base 14.
83
What is -36 (base 14) in base 2?
-110000
What is -89 (base 13) in base 8?
-161
What is 10 (base 3) in base 4?
3
What is -210 (base 7) in base 15?
-70
b (base 14) to base 10
11
2 (base 3) to base 5
2
What is 17 (base 10) in base 11?
16
What is -8 (base 16) in base 10?
-8
1020 (base 3) to base 14
25
What is 4 (base 9) in base 4?
10
What is -3 (base 11) in base 8?
-3
Convert -5 (base 12) to base 9.
-5
10 (base 3) to base 12
3
Convert -32 (base 11) to base 3.
-1022
What is -3 (base 5) in base 2?
-11
Convert 1 (base 9) to base 2.
1
6 (base 12) to base 9
6
101 (base 6) to base 8
45
Convert -26 (base 12) to base 3.
-1010
Convert -2120 (base 4) to base 6.
-412
Convert b4 (base 16) to base 9.
220
What is 2 (base 5) in base 13?
2
Convert 5 (base 9) to base 6.
5
Convert 0 (base 12) to base 8.
0
-7 (base 14) to base 3
-21
-4 (base 16) to base 4
-10
-6 (base 10) to base 9
-6
What is 24 (base 8) in base 16?
14
What is -16 (base 7) in base 3?
-111
What is -116 (base 12) in base 16?
-a2
Convert 235 (base 6) to base 4.
1133
2221 (base 4) to base 2
10101001
Convert 27 (base 8) to base 3.
212
Convert 1d (base 14) to base 9.
30
Convert 37 (base 12) to base 16.
2b
Convert 0 (base 14) to base 15.
0
-14 (base 10) to base 11
-13
61 (base 7) to base 15
2d
Convert 0 (base 10) to base 12.
0
Convert -132 (base 4) to base 14.
-22
3 (base 7) to base 13
3
Convert -1213 (base 5) to base 15.
-c3
Convert -22 (base 3) to base 8.
-10
Convert 2 (base 4) to base 7.
2
-3 (base 13) to base 9
-3
-11 (base 7) to base 16
-8
What is 1 (base 2) in base 3?
1
-2 (base 15) to base 6
-2
-8 (base 16) to base 8
-10
3 (base 16) to base 8
3
Convert -13 (base 14) to base 8.
-21
Convert -58 (base 9) to base 12.
-45
Convert 12 (base 4) to base 3.
20
17 (base 11) to base 15
13
-52 (base 11) to base 6
-133
-6 (base 12) to base 6
-10
Convert 2a (base 13) to base 2.
100100
Convert -3 (base 5) to base 16.
-3
-410 (base 6) to base 7
-303
-6 (base 13) to base 3
-20
Convert 11 (base 2) to base 13.
3
What is -1 (base 4) in base 6?
-1
Convert 10 (base 4) to base 3.
11
-87 (base 11) to base 15
-65
Convert 14a (base 13) to base 12.
173
What is 20001 (base 3) in base 15?
ad
What is e (base 15) in base 2?
1110
110001 (base 2) to base 4
301
-41 (base 13) to base 4
-311
What is 2001 (base 4) in base 7?
243
Convert 2 (base 13) to base 2.
10
Convert -43 (base 9) to base 11.
-36
Convert 101 (base 4) to base 12.
15
What is 10 (base 2) in base 16?
2
Convert 82 (base 9) to base 7.
134
-13 (base 13) to base 14
-12
Convert 29 (base 14) to base 12.
31
What is 102010 (base 3) in base 11?
253
1 (base 13) to base 7
1
17 (base 14) to base 13
18
-9 (base 15) to base 8
-11
Convert -85 (base 9) to base 16.
-4d
-1 (base 9) to base 15
-1
46 (base 14) to base 16
